[INFO] fetching crate quatrain 0.6.0...
[INFO] checking quatrain-0.6.0 against master#e6e4f7ed1589e03bc2f6c5931c1a72e7947e8682 for beta-170-4
[INFO] extracting crate quatrain 0.6.0 into /workspace/builds/worker-7-tc2/source
[INFO] validating manifest of crates.io crate quatrain 0.6.0 on toolchain e6e4f7ed1589e03bc2f6c5931c1a72e7947e8682
[INFO] running `Command { std: CARGO_HOME="/workspace/cargo-home" RUSTUP_HOME="/workspace/rustup-home" "/workspace/cargo-home/bin/cargo" "+e6e4f7ed1589e03bc2f6c5931c1a72e7947e8682" "metadata" "--manifest-path" "Cargo.toml" "--no-deps", kill_on_drop: false }`
[INFO] started tweaking crates.io crate quatrain 0.6.0
[INFO] finished tweaking crates.io crate quatrain 0.6.0
[INFO] tweaked toml for crates.io crate quatrain 0.6.0 written to /workspace/builds/worker-7-tc2/source/Cargo.toml
[INFO] crate crates.io crate quatrain 0.6.0 already has a lockfile, it will not be regenerated
[INFO] running `Command { std: CARGO_HOME="/workspace/cargo-home" RUSTUP_HOME="/workspace/rustup-home" "/workspace/cargo-home/bin/cargo" "+e6e4f7ed1589e03bc2f6c5931c1a72e7947e8682" "fetch" "--manifest-path" "Cargo.toml", kill_on_drop: false }`
[INFO] [stderr]     Blocking waiting for file lock on package cache
[INFO] running `Command { std: "docker" "create" "-v" "/var/lib/crater-agent-workspace/builds/worker-7-tc2/target:/opt/rustwide/target:rw,Z" "-v" "/var/lib/crater-agent-workspace/builds/worker-7-tc2/source:/opt/rustwide/workdir:ro,Z" "-v" "/var/lib/crater-agent-workspace/cargo-home:/opt/rustwide/cargo-home:ro,Z" "-v" "/var/lib/crater-agent-workspace/rustup-home:/opt/rustwide/rustup-home:ro,Z" "-e" "SOURCE_DIR=/opt/rustwide/workdir" "-e" "CARGO_TARGET_DIR=/opt/rustwide/target" "-e" "CARGO_HOME=/opt/rustwide/cargo-home" "-e" "RUSTUP_HOME=/opt/rustwide/rustup-home" "-w" "/opt/rustwide/workdir" "-m" "1610612736" "--user" "0:0" "--network" "none" "ghcr.io/rust-lang/crates-build-env/linux@sha256:19e73879b68f455e41552ea35293514db52ea292d993f571636dbffedb77a1ee" "/opt/rustwide/cargo-home/bin/cargo" "+e6e4f7ed1589e03bc2f6c5931c1a72e7947e8682" "metadata" "--no-deps" "--format-version=1", kill_on_drop: false }`
[INFO] [stdout] d48b2c765b37aeb1cdb974aec738dc3c68be270d05052c7e8aff2521c51e216a
[INFO] running `Command { std: "docker" "start" "-a" "d48b2c765b37aeb1cdb974aec738dc3c68be270d05052c7e8aff2521c51e216a", kill_on_drop: false }`
[INFO] running `Command { std: "docker" "inspect" "d48b2c765b37aeb1cdb974aec738dc3c68be270d05052c7e8aff2521c51e216a", kill_on_drop: false }`
[INFO] running `Command { std: "docker" "rm" "-f" "d48b2c765b37aeb1cdb974aec738dc3c68be270d05052c7e8aff2521c51e216a", kill_on_drop: false }`
[INFO] [stdout] d48b2c765b37aeb1cdb974aec738dc3c68be270d05052c7e8aff2521c51e216a
[INFO] running `Command { std: "docker" "create" "-v" "/var/lib/crater-agent-workspace/builds/worker-7-tc2/target:/opt/rustwide/target:rw,Z" "-v" "/var/lib/crater-agent-workspace/builds/worker-7-tc2/source:/opt/rustwide/workdir:ro,Z" "-v" "/var/lib/crater-agent-workspace/cargo-home:/opt/rustwide/cargo-home:ro,Z" "-v" "/var/lib/crater-agent-workspace/rustup-home:/opt/rustwide/rustup-home:ro,Z" "-e" "SOURCE_DIR=/opt/rustwide/workdir" "-e" "CARGO_TARGET_DIR=/opt/rustwide/target" "-e" "CARGO_INCREMENTAL=0" "-e" "RUST_BACKTRACE=full" "-e" "RUSTFLAGS=--cap-lints=forbid" "-e" "RUSTDOCFLAGS=--cap-lints=forbid" "-e" "CARGO_HOME=/opt/rustwide/cargo-home" "-e" "RUSTUP_HOME=/opt/rustwide/rustup-home" "-w" "/opt/rustwide/workdir" "-m" "1610612736" "--user" "0:0" "--network" "none" "ghcr.io/rust-lang/crates-build-env/linux@sha256:19e73879b68f455e41552ea35293514db52ea292d993f571636dbffedb77a1ee" "/opt/rustwide/cargo-home/bin/cargo" "+e6e4f7ed1589e03bc2f6c5931c1a72e7947e8682" "check" "--frozen" "--all" "--all-targets" "--message-format=json", kill_on_drop: false }`
[INFO] [stdout] d078769a5d5424abe0b4be9ef80147ecca41459a11f473b0d81a684e0d78bded
[INFO] running `Command { std: "docker" "start" "-a" "d078769a5d5424abe0b4be9ef80147ecca41459a11f473b0d81a684e0d78bded", kill_on_drop: false }`
[INFO] [stderr]    Compiling proc-macro2 v1.0.18
[INFO] [stderr]    Compiling unicode-xid v0.2.0
[INFO] [stderr]    Compiling syn v1.0.30
[INFO] [stderr]    Compiling winapi-build v0.1.1
[INFO] [stderr]    Compiling winapi v0.2.8
[INFO] [stderr]    Compiling autocfg v1.0.0
[INFO] [stderr]    Compiling cc v1.0.54
[INFO] [stderr]    Compiling libc v0.2.71
[INFO] [stderr]    Compiling version_check v0.9.2
[INFO] [stderr]    Compiling serde v1.0.111
[INFO] [stderr]    Compiling auto_enums_derive v0.7.5
[INFO] [stderr]    Compiling lazy_static v1.4.0
[INFO] [stderr]    Compiling anyhow v1.0.31
[INFO] [stderr]     Checking linked-hash-map v0.5.3
[INFO] [stderr]    Compiling memchr v2.3.3
[INFO] [stderr]     Checking once_cell v1.4.0
[INFO] [stderr]     Checking dtoa v0.4.5
[INFO] [stderr]    Compiling kernel32-sys v0.2.2
[INFO] [stderr]     Checking yaml-rust v0.4.4
[INFO] [stderr]    Compiling num-traits v0.2.11
[INFO] [stderr]    Compiling num-integer v0.1.42
[INFO] [stderr]    Compiling unicase v2.6.0
[INFO] [stderr]    Compiling walkdir v0.1.8
[INFO] [stderr]    Compiling copy_dir v0.1.2
[INFO] [stderr]    Compiling libquickjs-sys v0.6.0
[INFO] [stderr]    Compiling quote v1.0.6
[INFO] [stderr]     Checking time v0.1.43
[INFO] [stderr]     Checking chrono v0.4.11
[INFO] [stderr]    Compiling darling_core v0.10.2
[INFO] [stderr]    Compiling derive_utils v0.10.0
[INFO] [stderr]    Compiling thiserror-impl v1.0.19
[INFO] [stderr]    Compiling serde_derive v1.0.111
[INFO] [stderr]    Compiling auto_enums_core v0.7.5
[INFO] [stderr]    Compiling derive-new v0.5.8
[INFO] [stderr]    Compiling darling_macro v0.10.2
[INFO] [stderr]     Checking thiserror v1.0.19
[INFO] [stderr]     Checking auto_enums v0.7.5
[INFO] [stderr]    Compiling darling v0.10.2
[INFO] [stderr]    Compiling derive_builder_core v0.9.0
[INFO] [stderr]    Compiling derive_builder v0.9.0
[INFO] [stderr]     Checking serde_yaml v0.8.12
[INFO] [stderr]     Checking quick-js v0.3.3
[INFO] [stderr]     Checking katex v0.2.1
[INFO] [stderr]     Checking quatrain v0.6.0 (/opt/rustwide/workdir)
[INFO] [stdout] error[E0463]: can't find crate for `lazy_static`
[INFO] [stdout]   --> src/bin/qua.rs:14:1
[INFO] [stdout]    |
[INFO] [stdout] 14 | extern crate lazy_static;
[INFO] [stdout]    | ^^^^^^^^^^^^^^^^^^^^^^^^^ can't find crate
[INFO] [stdout] 
[INFO] [stdout] 
[INFO] [stdout] error[E0463]: can't find crate for `lazy_static`
[INFO] [stdout]   --> src/bin/qua.rs:14:1
[INFO] [stdout]    |
[INFO] [stdout] 14 | extern crate lazy_static;
[INFO] [stdout]    | ^^^^^^^^^^^^^^^^^^^^^^^^^ can't find crate
[INFO] [stdout] 
[INFO] [stdout] 
[INFO] [stdout] error[E0432]: unresolved import `dirs`
[INFO] [stdout]  --> src/bin/qua.rs:2:5
[INFO] [stdout]   |
[INFO] [stdout] 2 | use dirs::home_dir;
[INFO] [stdout]   |     ^^^^ use of undeclared crate or module `dirs`
[INFO] [stdout] 
[INFO] [stdout] 
[INFO] [stdout] error[E0432]: unresolved import `dirs`
[INFO] [stdout]  --> src/bin/qua.rs:2:5
[INFO] [stdout]   |
[INFO] [stdout] 2 | use dirs::home_dir;
[INFO] [stdout]   |     ^^^^ use of undeclared crate or module `dirs`
[INFO] [stdout] 
[INFO] [stdout] 
[INFO] [stdout] error[E0432]: unresolved import `getopts`
[INFO] [stdout]  --> src/bin/qua.rs:3:15
[INFO] [stdout]   |
[INFO] [stdout] 3 | use getopts::{self, Options};
[INFO] [stdout]   |               ^^^^ no external crate `getopts`
[INFO] [stdout] 
[INFO] [stdout] 
[INFO] [stdout] error[E0432]: unresolved import `getopts`
[INFO] [stdout]  --> src/bin/qua.rs:3:15
[INFO] [stdout]   |
[INFO] [stdout] 3 | use getopts::{self, Options};
[INFO] [stdout]   |               ^^^^ no external crate `getopts`
[INFO] [stdout] 
[INFO] [stdout] 
[INFO] [stdout] error[E0432]: unresolved import `tera`
[INFO] [stdout]   --> src/bin/qua.rs:10:5
[INFO] [stdout]    |
[INFO] [stdout] 10 | use tera::{Context, Tera};
[INFO] [stdout]    |     ^^^^ use of undeclared crate or module `tera`
[INFO] [stdout] 
[INFO] [stdout] 
[INFO] [stdout] error[E0432]: unresolved import `tera`
[INFO] [stdout]   --> src/bin/qua.rs:10:5
[INFO] [stdout]    |
[INFO] [stdout] 10 | use tera::{Context, Tera};
[INFO] [stdout]    |     ^^^^ use of undeclared crate or module `tera`
[INFO] [stdout] 
[INFO] [stdout] 
[INFO] [stdout] error: cannot find macro `lazy_static` in this scope
[INFO] [stdout]   --> src/bin/qua.rs:16:1
[INFO] [stdout]    |
[INFO] [stdout] 16 | lazy_static! {
[INFO] [stdout]    | ^^^^^^^^^^^
[INFO] [stdout]    |
[INFO] [stdout] note: `lazy_static` is imported here, but it is an unresolved item, not a macro
[INFO] [stdout]   --> src/bin/qua.rs:14:1
[INFO] [stdout]    |
[INFO] [stdout] 14 | extern crate lazy_static;
[INFO] [stdout]    | ^^^^^^^^^^^^^^^^^^^^^^^^^
[INFO] [stdout] 
[INFO] [stdout] 
[INFO] [stdout] error: cannot find macro `lazy_static` in this scope
[INFO] [stdout]   --> src/bin/qua.rs:16:1
[INFO] [stdout]    |
[INFO] [stdout] 16 | lazy_static! {
[INFO] [stdout]    | ^^^^^^^^^^^
[INFO] [stdout]    |
[INFO] [stdout] note: `lazy_static` is imported here, but it is an unresolved item, not a macro
[INFO] [stdout]   --> src/bin/qua.rs:14:1
[INFO] [stdout]    |
[INFO] [stdout] 14 | extern crate lazy_static;
[INFO] [stdout]    | ^^^^^^^^^^^^^^^^^^^^^^^^^
[INFO] [stdout] 
[INFO] [stdout] 
[INFO] [stdout] error[E0425]: cannot find value `TEMPLATES` in this scope
[INFO] [stdout]    --> src/bin/qua.rs:113:17
[INFO] [stdout]     |
[INFO] [stdout] 113 |                 TEMPLATES
[INFO] [stdout]     |                 ^^^^^^^^^ not found in this scope
[INFO] [stdout] 
[INFO] [stdout] 
[INFO] [stdout] error[E0425]: cannot find value `TEMPLATES` in this scope
[INFO] [stdout]    --> src/bin/qua.rs:113:17
[INFO] [stdout]     |
[INFO] [stdout] 113 |                 TEMPLATES
[INFO] [stdout]     |                 ^^^^^^^^^ not found in this scope
[INFO] [stdout] 
[INFO] [stdout] 
[INFO] [stdout] error[E0433]: failed to resolve: use of undeclared crate or module `dirs`
[INFO] [stdout]   --> src/bin/qua.rs:40:16
[INFO] [stdout]    |
[INFO] [stdout] 40 |         return dirs::home_dir();
[INFO] [stdout]    |                ^^^^ use of undeclared crate or module `dirs`
[INFO] [stdout] 
[INFO] [stdout] 
[INFO] [stdout] error[E0433]: failed to resolve: use of undeclared crate or module `dirs`
[INFO] [stdout]   --> src/bin/qua.rs:40:16
[INFO] [stdout]    |
[INFO] [stdout] 40 |         return dirs::home_dir();
[INFO] [stdout]    |                ^^^^ use of undeclared crate or module `dirs`
[INFO] [stdout] 
[INFO] [stdout] 
[INFO] [stdout] error[E0433]: failed to resolve: use of undeclared crate or module `dirs`
[INFO] [stdout]   --> src/bin/qua.rs:42:5
[INFO] [stdout]    |
[INFO] [stdout] 42 |     dirs::home_dir().map(|mut h| {
[INFO] [stdout]    |     ^^^^ use of undeclared crate or module `dirs`
[INFO] [stdout] 
[INFO] [stdout] 
[INFO] [stdout] error[E0433]: failed to resolve: use of undeclared crate or module `dirs`
[INFO] [stdout]   --> src/bin/qua.rs:42:5
[INFO] [stdout]    |
[INFO] [stdout] 42 |     dirs::home_dir().map(|mut h| {
[INFO] [stdout]    |     ^^^^ use of undeclared crate or module `dirs`
[INFO] [stdout] 
[INFO] [stdout] 
[INFO] [stdout] error: aborting due to 8 previous errors
[INFO] [stdout] 
[INFO] [stdout] 
[INFO] [stdout] Some errors have detailed explanations: E0425, E0432, E0433, E0463.
[INFO] [stdout] 
[INFO] [stdout] For more information about an error, try `rustc --explain E0425`.
[INFO] [stdout] 
[INFO] [stdout] error: aborting due to 8 previous errors
[INFO] [stdout] 
[INFO] [stdout] 
[INFO] [stdout] Some errors have detailed explanations: E0425, E0432, E0433, E0463.
[INFO] [stdout] 
[INFO] [stdout] For more information about an error, try `rustc --explain E0425`.
[INFO] [stdout] 
[INFO] [stderr] error: could not compile `quatrain` (bin "qua" test) due to 9 previous errors
[INFO] [stderr] warning: build failed, waiting for other jobs to finish...
[INFO] [stderr] error: could not compile `quatrain` (bin "qua") due to 9 previous errors
[INFO] running `Command { std: "docker" "inspect" "d078769a5d5424abe0b4be9ef80147ecca41459a11f473b0d81a684e0d78bded", kill_on_drop: false }`
[INFO] running `Command { std: "docker" "rm" "-f" "d078769a5d5424abe0b4be9ef80147ecca41459a11f473b0d81a684e0d78bded", kill_on_drop: false }`
[INFO] [stdout] d078769a5d5424abe0b4be9ef80147ecca41459a11f473b0d81a684e0d78bded
